{"id":284,"date":"2025-09-27T07:48:41","date_gmt":"2025-09-27T07:48:41","guid":{"rendered":"https:\/\/druidicus.ch\/?page_id=284"},"modified":"2026-01-13T18:39:55","modified_gmt":"2026-01-13T18:39:55","slug":"misteln","status":"publish","type":"page","link":"https:\/\/druidicus.ch\/?page_id=284","title":{"rendered":"Misteln"},"content":{"rendered":"\n\n\n<div style=\"height:52px\" aria-hidden=\"true\" class=\"wp-block-spacer\"><\/div>\n\n\n\n<div class=\"wp-block-group alignwide has-global-padding is-layout-constrained wp-block-group-is-layout-constrained\">\n<h1 class=\"wp-block-heading alignwide has-xx-large-font-size\" style=\"line-height:1.2\">Der gr\u00f6sste Pflanzenanteil dieser Salbe beinhaltet Misteln. Daneben kommt noch je ein kleiner Teil von Schl\u00fcsselblume, Indianernessel und Goldmelisse vor.<\/h1>\n<\/div>\n\n\n\n<div class=\"wp-block-columns is-layout-flex wp-container-core-columns-is-layout-28f84493 wp-block-columns-is-layout-flex\">\n<div class=\"wp-block-column is-layout-flow wp-block-column-is-layout-flow\" style=\"flex-basis:33.33%\">\n<p><strong>Pflanze<\/strong><\/p>\n<\/div>\n\n\n\n<div class=\"wp-block-column is-layout-flow wp-block-column-is-layout-flow\" style=\"flex-basis:66.66%\">\n<p><strong>positive Eigenschaften<\/strong><\/p>\n<\/div>\n<\/div>\n\n\n\n<div class=\"wp-block-columns is-layout-flex wp-container-core-columns-is-layout-28f84493 wp-block-columns-is-layout-flex\">\n<div class=\"wp-block-column is-layout-flow wp-block-column-is-layout-flow\" style=\"flex-basis:33.33%\">\n<p><strong>Misteln<\/strong><\/p>\n<\/div>\n\n\n\n<div class=\"wp-block-column is-layout-flow wp-block-column-is-layout-flow\" style=\"flex-basis:66.66%\">\n<p><strong>Misteln<\/strong> helfen gegen Krampfadern, Unterschenkelgeschw\u00fcren, Ekzeme, zur Linderung von rheumatischer und neuralgischer Schmerzen und Arthrose.ive Eigenschaften<\/p>\n<\/div>\n<\/div>\n\n\n\n<div class=\"wp-block-columns is-layout-flex wp-container-core-columns-is-layout-28f84493 wp-block-columns-is-layout-flex\">\n<div class=\"wp-block-column is-layout-flow wp-block-column-is-layout-flow\" style=\"flex-basis:33.33%\">\n<p><strong><strong>Schl\u00fcsselblume<\/strong> <\/strong><\/p>\n<\/div>\n\n\n\n<div class=\"wp-block-column is-layout-flow wp-block-column-is-layout-flow\" style=\"flex-basis:66.66%\">\n<p><strong>Schl\u00fcsselblume<\/strong> k\u00f6nnen bei Entz\u00fcndungen und Schmerzen, etwa bei Kopfschmerzen oder Muskelbeschwerden, Linderung verschaffen. Ausserdem kann man sie gegen Gicht, Rheuma Migr\u00e4ne und Bronchitis anwenden. Dabei reibt man die Schl\u00e4fen sanft mit der Salbe ein.<\/p>\n<\/div>\n<\/div>\n\n\n\n<div class=\"wp-block-columns is-layout-flex wp-container-core-columns-is-layout-28f84493 wp-block-columns-is-layout-flex\">\n<div class=\"wp-block-column is-layout-flow wp-block-column-is-layout-flow\" style=\"flex-basis:33.33%\">\n<p><strong><strong>Indianernessel<\/strong><\/strong><\/p>\n<\/div>\n\n\n\n<div class=\"wp-block-column is-layout-flow wp-block-column-is-layout-flow\" style=\"flex-basis:66.66%\">\n<p><strong>Indianernessel<\/strong> geh\u00f6rt zur selben Familie wie die Goldmelisse. Sie hilft bei schlecht heilenden Wunden und f\u00f6rdert die Durchblutung der Haut.<\/p>\n<\/div>\n<\/div>\n\n\n\n<div class=\"wp-block-columns is-layout-flex wp-container-core-columns-is-layout-28f84493 wp-block-columns-is-layout-flex\">\n<div class=\"wp-block-column is-layout-flow wp-block-column-is-layout-flow\" style=\"flex-basis:33.33%\">\n<p><strong><strong><strong>Goldmelisse<\/strong> <\/strong><\/strong><\/p>\n<\/div>\n\n\n\n<div class=\"wp-block-column is-layout-flow wp-block-column-is-layout-flow\" style=\"flex-basis:66.66%\">\n<p><strong>Goldmelisse<\/strong> hilft bei schlecht heilenden Wunden und f\u00f6rdert die Durchblutung der Haut.<\/p>\n<\/div>\n<\/div>\n\n\n\n<div style=\"height:52px\" aria-hidden=\"true\" class=\"wp-block-spacer\"><\/div>\n\n\n\n<p>Das \u00d6l \u00f6ffnet die Poren der Haut. So k\u00f6nnen die Pflanzen tiefer in die Haut eindringen und positiv wirken. Doch \u00d6le haben auch eigene positive Eigenschaften, die der Haut gut tun.<\/p>\n\n\n\n<div class=\"wp-block-columns is-layout-flex wp-container-core-columns-is-layout-28f84493 wp-block-columns-is-layout-flex\">\n<div class=\"wp-block-column is-layout-flow wp-block-column-is-layout-flow\" style=\"flex-basis:33.33%\">\n<p><strong>Hanfnuss\u00f6l<\/strong> <\/p>\n<\/div>\n\n\n\n<div class=\"wp-block-column is-layout-flow wp-block-column-is-layout-flow\" style=\"flex-basis:66.66%\">\n<p><strong>Hanfnuss\u00f6l<\/strong> hat positive Wirkung bei verschiedenen Erkrankungen oder in der Pr\u00e4vention. Es kann Entz\u00fcndungen hemmen, empfindliche Haut und Pickel reinigen und l\u00e4sst Wunden schneller verschliessen und verhindert die Bildung von Narben. Hanfnuss\u00f6l macht nicht nur die Haut samtweich, sondern erh\u00f6ht auch die Schutzbarriere der Haut, weshalb es bei Schuppenflechte, Neurodermitis, juckende Hautirritationen und ger\u00f6tete Hautstellen wirkt. Auch gegen Falten kann das \u00d6l helfen. Denn es enth\u00e4lt Gamma-Linolens\u00e4ure \u2013 eine Omega-6-Fetts\u00e4ure, die feuchtigkeitsbindende Eigenschaften hat. Hanfnuss\u00f6l bindet also Wasser in den Hautzellen. Dadurch wirken diese prall und kleine F\u00e4ltchen verschwinden wie von Zauberhand. Zudem verhindert dieser Inhaltsstoff, dass Feuchtigkeit zu schnell verdunstet. So trocknet die Haut nicht aus, sondern wirkt besonders vital.<\/p>\n<\/div>\n<\/div>\n","protected":false},"excerpt":{"rendered":"<p>Der gr\u00f6sste Pflanzenanteil dieser Salbe beinhaltet Misteln. Daneben kommt noch je ein kleiner Teil von Schl\u00fcsselblume, Indianernessel und Goldmelisse vor. Pflanze positive Eigenschaften Misteln Misteln helfen gegen Krampfadern, Unterschenkelgeschw\u00fcren, Ekzeme, zur Linderung von rheumatischer und neuralgischer Schmerzen und Arthrose.ive Eigenschaften Schl\u00fcsselblume Schl\u00fcsselblume k\u00f6nnen bei Entz\u00fcndungen und Schmerzen, etwa bei Kopfschmerzen oder Muskelbeschwerden, Linderung verschaffen. Ausserdem [&hellip;]<\/p>\n","protected":false},"author":1,"featured_media":0,"parent":0,"menu_order":0,"comment_status":"closed","ping_status":"closed","template":"","meta":{"footnotes":""},"class_list":["post-284","page","type-page","status-publish","hentry"],"_links":{"self":[{"href":"https:\/\/druidicus.ch\/index.php?rest_route=\/wp\/v2\/pages\/284","targetHints":{"allow":["GET"]}}],"collection":[{"href":"https:\/\/druidicus.ch\/index.php?rest_route=\/wp\/v2\/pages"}],"about":[{"href":"https:\/\/druidicus.ch\/index.php?rest_route=\/wp\/v2\/types\/page"}],"author":[{"embeddable":true,"href":"https:\/\/druidicus.ch\/index.php?rest_route=\/wp\/v2\/users\/1"}],"replies":[{"embeddable":true,"href":"https:\/\/druidicus.ch\/index.php?rest_route=%2Fwp%2Fv2%2Fcomments&post=284"}],"version-history":[{"count":2,"href":"https:\/\/druidicus.ch\/index.php?rest_route=\/wp\/v2\/pages\/284\/revisions"}],"predecessor-version":[{"id":306,"href":"https:\/\/druidicus.ch\/index.php?rest_route=\/wp\/v2\/pages\/284\/revisions\/306"}],"wp:attachment":[{"href":"https:\/\/druidicus.ch\/index.php?rest_route=%2Fwp%2Fv2%2Fmedia&parent=284"}],"curies":[{"name":"wp","href":"https:\/\/api.w.org\/{rel}","templated":true}]}}