{"id":259,"date":"2025-06-03T10:03:08","date_gmt":"2025-06-03T10:03:08","guid":{"rendered":"https:\/\/druidicus.ch\/?page_id=259"},"modified":"2025-06-03T10:03:08","modified_gmt":"2025-06-03T10:03:08","slug":"tsirup-kornelkirsche-rosmarin","status":"publish","type":"page","link":"https:\/\/druidicus.ch\/?page_id=259","title":{"rendered":"TSirup Kornelkirsche Rosmarin"},"content":{"rendered":"\n<div class=\"wp-block-group alignfull has-accent-2-background-color has-background has-global-padding is-layout-constrained wp-container-core-group-is-layout-669513ed wp-block-group-is-layout-constrained\" style=\"margin-top:0;margin-bottom:0;padding-top:var(--wp--preset--spacing--50);padding-right:var(--wp--preset--spacing--50);padding-bottom:var(--wp--preset--spacing--50);padding-left:var(--wp--preset--spacing--50)\">\n<div class=\"wp-block-columns alignwide is-layout-flex wp-container-core-columns-is-layout-28f84493 wp-block-columns-is-layout-flex\">\n<div class=\"wp-block-column is-layout-flow wp-block-column-is-layout-flow\" style=\"flex-basis:40%\">\n<p class=\"has-large-font-size wp-container-content-0733e5d0\"><strong>Inhaltsstoffe<\/strong><\/p>\n<\/div>\n\n\n\n<div class=\"wp-block-column is-layout-flow wp-block-column-is-layout-flow\" style=\"flex-basis:60%\">\n<p class=\"has-heading-font-family has-medium-font-size\" style=\"line-height:1.2\">50 % Wasser<\/p>\n\n\n\n<p class=\"has-heading-font-family has-medium-font-size\" style=\"line-height:1.2\">38.5 % Zucker<\/p>\n\n\n\n<p class=\"has-heading-font-family has-medium-font-size\" style=\"line-height:1.2\">5 % Zitronens\u00e4ure<\/p>\n\n\n\n<p class=\"has-heading-font-family has-medium-font-size\" style=\"line-height:1.2\">4 % Weidenrinde<\/p>\n\n\n\n<p class=\"has-heading-font-family has-medium-font-size\" style=\"line-height:1.2\">4 % Senf<\/p>\n\n\n\n<p class=\"has-heading-font-family has-medium-font-size\" style=\"line-height:1.2\">0.002 % Duftveilchen<\/p>\n\n\n\n<p class=\"has-heading-font-family has-medium-font-size\" style=\"line-height:1.2\">0.001 % Salz<\/p>\n<\/div>\n<\/div>\n\n\n\n<div class=\"wp-block-columns alignwide is-layout-flex wp-container-core-columns-is-layout-28f84493 wp-block-columns-is-layout-flex\">\n<div class=\"wp-block-column is-layout-flow wp-block-column-is-layout-flow\" style=\"flex-basis:40%\">\n<p class=\"has-large-font-size wp-container-content-0733e5d0\"><strong>Preis<\/strong><\/p>\n<\/div>\n\n\n\n<div class=\"wp-block-column is-layout-flow wp-block-column-is-layout-flow\" style=\"flex-basis:60%\">\n<div class=\"wp-block-columns is-layout-flex wp-container-core-columns-is-layout-28f84493 wp-block-columns-is-layout-flex\">\n<div class=\"wp-block-column is-layout-flow wp-block-column-is-layout-flow\">\n<p class=\"has-medium-font-size\">0.5 Liter<\/p>\n<\/div>\n\n\n\n<div class=\"wp-block-column is-layout-flow wp-block-column-is-layout-flow\">\n<p class=\"has-medium-font-size\">CHF 15.00<\/p>\n<\/div>\n<\/div>\n\n\n\n<div class=\"wp-block-columns is-layout-flex wp-container-core-columns-is-layout-28f84493 wp-block-columns-is-layout-flex\">\n<div class=\"wp-block-column is-layout-flow wp-block-column-is-layout-flow\">\n<p class=\"has-medium-font-size\">1 Liter<\/p>\n<\/div>\n\n\n\n<div class=\"wp-block-column is-layout-flow wp-block-column-is-layout-flow\">\n<p class=\"has-medium-font-size\">CHF 24.00<\/p>\n<\/div>\n<\/div>\n<\/div>\n<\/div>\n\n\n\n<div style=\"height:var(--wp--preset--spacing--40)\" aria-hidden=\"true\" class=\"wp-block-spacer\"><\/div>\n\n\n\n<figure class=\"wp-block-gallery alignwide has-nested-images columns-default is-cropped wp-block-gallery-2 is-layout-flex wp-block-gallery-is-layout-flex\">\n<figure class=\"wp-block-image size-large is-style-rounded wp-duotone-duotone-2 is-style-rounded--1\"><img loading=\"lazy\" decoding=\"async\" width=\"685\" height=\"1024\" data-id=\"53\" src=\"https:\/\/druidicus.ch\/wp-content\/uploads\/2023\/12\/IMG-20231120-WA0002-685x1024.jpg\" alt=\"\" class=\"wp-image-53\" srcset=\"https:\/\/druidicus.ch\/wp-content\/uploads\/2023\/12\/IMG-20231120-WA0002-685x1024.jpg 685w, https:\/\/druidicus.ch\/wp-content\/uploads\/2023\/12\/IMG-20231120-WA0002-201x300.jpg 201w, https:\/\/druidicus.ch\/wp-content\/uploads\/2023\/12\/IMG-20231120-WA0002.jpg 720w\" sizes=\"auto, (max-width: 685px) 100vw, 685px\" \/><\/figure>\n<\/figure>\n<\/div>\n\n\n\n<div class=\"wp-block-group alignfull has-base-background-color has-background has-global-padding is-layout-constrained wp-container-core-group-is-layout-d89aad35 wp-block-group-is-layout-constrained\" style=\"margin-top:0;margin-bottom:0;padding-top:var(--wp--preset--spacing--50);padding-right:var(--wp--preset--spacing--50);padding-bottom:var(--wp--preset--spacing--50);padding-left:var(--wp--preset--spacing--50)\">\n<div class=\"wp-block-columns alignwide is-layout-flex wp-container-core-columns-is-layout-549b0c86 wp-block-columns-is-layout-flex\">\n<div class=\"wp-block-column has-global-padding is-content-justification-left is-layout-constrained wp-container-core-column-is-layout-4f15e8fe wp-block-column-is-layout-constrained\" style=\"flex-basis:40%\">\n<p class=\"has-large-font-size\"><strong>positive Eigenschaften<\/strong><\/p>\n<\/div>\n\n\n\n<div class=\"wp-block-column is-layout-flow wp-container-core-column-is-layout-119bc444 wp-block-column-is-layout-flow\" style=\"flex-basis:60%\">\n<p class=\"has-heading-font-family has-medium-font-size\" style=\"line-height:1.2\">adstringierend, anregend, antibakteriell, antidepressiv, antimikrobiell, antioxidativ, bl\u00e4hungslindernd, blutstillend, durchblutungsf\u00f6rdernd, entspannend, entz\u00fcndungshemmend, fiebersenkend, gehirnst\u00e4rkend, kr\u00e4ftigend, kreislaufstimulierend, k\u00fchlend, krampfl\u00f6send, nervenst\u00e4rkend, pilzt\u00f6tend, tonisierend, schmerzstillend, stopfend, Magen- und Darmreinigend, verdauungsf\u00f6rdernd<\/p>\n\n\n\n<div class=\"wp-block-columns is-layout-flex wp-container-core-columns-is-layout-87beb0d0 wp-block-columns-is-layout-flex\">\n<div class=\"wp-block-column is-layout-flow wp-block-column-is-layout-flow\">\n<p class=\"wp-container-content-9cfa9a5a\">Die Kornelkirsche kommt als Strauch oder Baum vor und ist nicht mit den Kirschen n\u00e4her verwandt, aber ihre Fr\u00fcchte haben ein intensives, kirsch\u00e4hnliches Aroma.<\/p>\n\n\n\n<p>Die Kornelkirsche ist nicht giftig und kann auch roh gegessen werden. Allerding ist ihr Geschmack s\u00e4uerlich-herb. Erntet man sie und l\u00e4sst sich kurz gefrieren, entfaltet die Kornelkirsche ihren s\u00fcsslich-fruchtigen Geschmack.<\/p>\n\n\n\n<p>Die Kornelkirsche wird auch Tierlibaum oder Hornstrauch genannt. Der erste Name entstand wohl daraus, weil sich viele Tiere ebenfalls an dieser Frucht erfreuen. Der zweite Name entstand wohl an Anlehnung an die H\u00e4rte eines Hornes &#8211; die Griechen und R\u00f6mer nutzten das Holz f\u00fcr Ihre Waffen.<\/p>\n\n\n\n<p>Die Kornelkirsche kommt vorwiegend in S\u00fcdeuropa vor, aber bereits im Mittelalter haben die Benediktiner sie in ihren Klosterg\u00e4rten angepflanzt. Hildegard von Bingen empfahl die Pflanze in Form von B\u00e4dern gegen Gicht und den Verzehr der Fr\u00fcchte bei Magenproblemen. Ihre zusammenziehenden, entz\u00fcndungshemmenden und stopfenden Eigenschaften k\u00f6nnen bei Durchfall gute Dienste leisten.<\/p>\n\n\n\n<p>Die Kornelkirsche hilft ausserdem gegen Krampfadern, Magen-Darmbeschwerden, Nierensteinen, Ruhr und Wunden.<\/p>\n<\/div>\n\n\n\n<div class=\"wp-block-column is-layout-flow wp-block-column-is-layout-flow\">\n<p>Die Heimat des Rosmarins ist das Mittelmeer, er wird mittlerweile auch gerne bei uns angebaut. Die meisten kennen Rosmarin aus der mediterranen K\u00fcche, aber er ist auch seit Jahrtausenden als eine wichtige Heilpflanze bekannt. <\/p>\n\n\n\n<p>Bereits die alten Griechen waren davon \u00fcberzeugt, dass der Rosmarin das Ged\u00e4chtnis verbessern kann. So trugen deshalb Sch\u00fcler im antiken Griechenland bei Pr\u00fcfungen einen Kranz aus Zweigen des Rosmarins, um ihre Leistungsf\u00e4higkeit zu steigern. Noch heute hilft der Rosmarin perfekt f\u00fcr deine Konzentration, wenn du stundenlang am Schreibtisch oder sonst fokussiert arbeiten darfst. <\/p>\n\n\n\n<p>Der Rosmarin ist eines der wenigen Kr\u00e4uter, die niedrigen Blutdruck st\u00e4rken k\u00f6nnen. Dies aufgrund der St\u00e4rkung von Herz und Kreislauf. Ebenfalls kann man nerv\u00f6se Herzbeschwerden und Herzrhythmussst\u00f6rungen mit Rosmarin behandeln. Allgemein hilft Rosmarin zur St\u00e4rkung des Verdauungssystems, der Nerven und zur Beseitigung von Bl\u00e4hungen. Kurz, Rosmarin unterst\u00fctzt aufgrund seiner adstringierenden und antimikrobiellen Eigenschaften die allgemeine Darmgesundheit.<\/p>\n\n\n\n<p>Ausserdem gilt der Rosmarin als Stimmungsaufheller, verbessert die Haut und erh\u00f6ht sowohl die Libido wie auch den Appetit.<\/p>\n<\/div>\n<\/div>\n<\/div>\n<\/div>\n<\/div>\n","protected":false},"excerpt":{"rendered":"<p>Inhaltsstoffe 50 % Wasser 38.5 % Zucker 5 % Zitronens\u00e4ure 4 % Weidenrinde 4 % Senf 0.002 % Duftveilchen 0.001 % Salz Preis 0.5 Liter CHF 15.00 1 Liter CHF 24.00 positive Eigenschaften adstringierend, anregend, antibakteriell, antidepressiv, antimikrobiell, antioxidativ, bl\u00e4hungslindernd, blutstillend, durchblutungsf\u00f6rdernd, entspannend, entz\u00fcndungshemmend, fiebersenkend, gehirnst\u00e4rkend, kr\u00e4ftigend, kreislaufstimulierend, k\u00fchlend, krampfl\u00f6send, nervenst\u00e4rkend, pilzt\u00f6tend, tonisierend, schmerzstillend, stopfend, [&hellip;]<\/p>\n","protected":false},"author":1,"featured_media":0,"parent":0,"menu_order":0,"comment_status":"closed","ping_status":"closed","template":"","meta":{"footnotes":""},"class_list":["post-259","page","type-page","status-publish","hentry"],"_links":{"self":[{"href":"https:\/\/druidicus.ch\/index.php?rest_route=\/wp\/v2\/pages\/259","targetHints":{"allow":["GET"]}}],"collection":[{"href":"https:\/\/druidicus.ch\/index.php?rest_route=\/wp\/v2\/pages"}],"about":[{"href":"https:\/\/druidicus.ch\/index.php?rest_route=\/wp\/v2\/types\/page"}],"author":[{"embeddable":true,"href":"https:\/\/druidicus.ch\/index.php?rest_route=\/wp\/v2\/users\/1"}],"replies":[{"embeddable":true,"href":"https:\/\/druidicus.ch\/index.php?rest_route=%2Fwp%2Fv2%2Fcomments&post=259"}],"version-history":[{"count":2,"href":"https:\/\/druidicus.ch\/index.php?rest_route=\/wp\/v2\/pages\/259\/revisions"}],"predecessor-version":[{"id":266,"href":"https:\/\/druidicus.ch\/index.php?rest_route=\/wp\/v2\/pages\/259\/revisions\/266"}],"wp:attachment":[{"href":"https:\/\/druidicus.ch\/index.php?rest_route=%2Fwp%2Fv2%2Fmedia&parent=259"}],"curies":[{"name":"wp","href":"https:\/\/api.w.org\/{rel}","templated":true}]}}