{"id":152,"date":"2024-02-15T15:20:42","date_gmt":"2024-02-15T15:20:42","guid":{"rendered":"https:\/\/druidicus.ch\/?page_id=152"},"modified":"2024-02-15T15:20:42","modified_gmt":"2024-02-15T15:20:42","slug":"tsirup-lindenblueten-waldmeister","status":"publish","type":"page","link":"https:\/\/druidicus.ch\/?page_id=152","title":{"rendered":"TSirup Lindenbl\u00fcten Waldmeister"},"content":{"rendered":"\n<div class=\"wp-block-group alignfull has-accent-2-background-color has-background has-global-padding is-layout-constrained wp-container-core-group-is-layout-669513ed wp-block-group-is-layout-constrained\" style=\"margin-top:0;margin-bottom:0;padding-top:var(--wp--preset--spacing--50);padding-right:var(--wp--preset--spacing--50);padding-bottom:var(--wp--preset--spacing--50);padding-left:var(--wp--preset--spacing--50)\">\n<div class=\"wp-block-columns alignwide is-layout-flex wp-container-core-columns-is-layout-28f84493 wp-block-columns-is-layout-flex\">\n<div class=\"wp-block-column is-layout-flow wp-block-column-is-layout-flow\" style=\"flex-basis:40%\">\n<p class=\"has-large-font-size wp-container-content-0733e5d0\"><strong>Inhaltsstoffe<\/strong><\/p>\n<\/div>\n\n\n\n<div class=\"wp-block-column is-layout-flow wp-block-column-is-layout-flow\" style=\"flex-basis:60%\">\n<p class=\"has-heading-font-family has-medium-font-size\" style=\"line-height:1.2\">50 % Wasser<\/p>\n\n\n\n<p>38.5 % Zucker<\/p>\n\n\n\n<p>5 % Zitronens\u00e4ure<\/p>\n\n\n\n<p>6 % Lindenbl\u00fcten<\/p>\n\n\n\n<p>2 % Waldmeister<\/p>\n\n\n\n<p>0.001 % Salz<\/p>\n<\/div>\n<\/div>\n\n\n\n<div style=\"height:var(--wp--preset--spacing--40)\" aria-hidden=\"true\" class=\"wp-block-spacer\"><\/div>\n\n\n\n<div class=\"wp-block-columns alignwide is-layout-flex wp-container-core-columns-is-layout-28f84493 wp-block-columns-is-layout-flex\">\n<div class=\"wp-block-column is-layout-flow wp-block-column-is-layout-flow\" style=\"flex-basis:40%\">\n<p class=\"has-large-font-size wp-container-content-0733e5d0\"><strong>Preis<\/strong><\/p>\n<\/div>\n\n\n\n<div class=\"wp-block-column is-layout-flow wp-block-column-is-layout-flow\" style=\"flex-basis:60%\">\n<div class=\"wp-block-columns is-layout-flex wp-container-core-columns-is-layout-28f84493 wp-block-columns-is-layout-flex\">\n<div class=\"wp-block-column is-layout-flow wp-block-column-is-layout-flow\">\n<p>0.5 Liter<\/p>\n<\/div>\n\n\n\n<div class=\"wp-block-column is-layout-flow wp-block-column-is-layout-flow\">\n<p>CHF 15.00<\/p>\n<\/div>\n<\/div>\n\n\n\n<div class=\"wp-block-columns is-layout-flex wp-container-core-columns-is-layout-28f84493 wp-block-columns-is-layout-flex\">\n<div class=\"wp-block-column is-layout-flow wp-block-column-is-layout-flow\">\n<p>1 Liter<\/p>\n<\/div>\n\n\n\n<div class=\"wp-block-column is-layout-flow wp-block-column-is-layout-flow\">\n<p>CHF 24.00<\/p>\n<\/div>\n<\/div>\n<\/div>\n<\/div>\n\n\n\n<div style=\"height:var(--wp--preset--spacing--40)\" aria-hidden=\"true\" class=\"wp-block-spacer\"><\/div>\n\n\n\n<figure class=\"wp-block-gallery alignwide has-nested-images columns-default is-cropped wp-block-gallery-5 is-layout-flex wp-block-gallery-is-layout-flex\">\n<figure class=\"wp-block-image size-large is-style-rounded wp-duotone-unset-2 is-style-rounded--1\"><img loading=\"lazy\" decoding=\"async\" width=\"683\" height=\"1024\" data-id=\"154\" src=\"https:\/\/druidicus.ch\/wp-content\/uploads\/2024\/02\/Lindenblueten_Waldmeister_klein-683x1024.jpg\" alt=\"\" class=\"wp-image-154\" srcset=\"https:\/\/druidicus.ch\/wp-content\/uploads\/2024\/02\/Lindenblueten_Waldmeister_klein-683x1024.jpg 683w, https:\/\/druidicus.ch\/wp-content\/uploads\/2024\/02\/Lindenblueten_Waldmeister_klein-200x300.jpg 200w, https:\/\/druidicus.ch\/wp-content\/uploads\/2024\/02\/Lindenblueten_Waldmeister_klein-768x1152.jpg 768w, https:\/\/druidicus.ch\/wp-content\/uploads\/2024\/02\/Lindenblueten_Waldmeister_klein-1024x1536.jpg 1024w, https:\/\/druidicus.ch\/wp-content\/uploads\/2024\/02\/Lindenblueten_Waldmeister_klein-1365x2048.jpg 1365w, https:\/\/druidicus.ch\/wp-content\/uploads\/2024\/02\/Lindenblueten_Waldmeister_klein-scaled.jpg 1707w\" sizes=\"auto, (max-width: 683px) 100vw, 683px\" \/><\/figure>\n\n\n\n<figure class=\"wp-block-image size-large is-style-rounded wp-duotone-unset-4 is-style-rounded--3\"><img loading=\"lazy\" decoding=\"async\" width=\"683\" height=\"1024\" data-id=\"153\" src=\"https:\/\/druidicus.ch\/wp-content\/uploads\/2024\/02\/Lindenblueten_Waldmeister_gross-683x1024.jpg\" alt=\"\" class=\"wp-image-153\" srcset=\"https:\/\/druidicus.ch\/wp-content\/uploads\/2024\/02\/Lindenblueten_Waldmeister_gross-683x1024.jpg 683w, https:\/\/druidicus.ch\/wp-content\/uploads\/2024\/02\/Lindenblueten_Waldmeister_gross-200x300.jpg 200w, https:\/\/druidicus.ch\/wp-content\/uploads\/2024\/02\/Lindenblueten_Waldmeister_gross-768x1152.jpg 768w, https:\/\/druidicus.ch\/wp-content\/uploads\/2024\/02\/Lindenblueten_Waldmeister_gross-1024x1536.jpg 1024w, https:\/\/druidicus.ch\/wp-content\/uploads\/2024\/02\/Lindenblueten_Waldmeister_gross-1365x2048.jpg 1365w, https:\/\/druidicus.ch\/wp-content\/uploads\/2024\/02\/Lindenblueten_Waldmeister_gross-scaled.jpg 1707w\" sizes=\"auto, (max-width: 683px) 100vw, 683px\" \/><\/figure>\n<\/figure>\n<\/div>\n\n\n\n<div class=\"wp-block-group alignfull has-base-background-color has-background has-global-padding is-layout-constrained wp-container-core-group-is-layout-d89aad35 wp-block-group-is-layout-constrained\" style=\"margin-top:0;margin-bottom:0;padding-top:var(--wp--preset--spacing--50);padding-right:var(--wp--preset--spacing--50);padding-bottom:var(--wp--preset--spacing--50);padding-left:var(--wp--preset--spacing--50)\">\n<div class=\"wp-block-columns alignwide is-layout-flex wp-container-core-columns-is-layout-549b0c86 wp-block-columns-is-layout-flex\">\n<div class=\"wp-block-column has-global-padding is-content-justification-left is-layout-constrained wp-container-core-column-is-layout-4f15e8fe wp-block-column-is-layout-constrained\" style=\"flex-basis:40%\">\n<p class=\"has-large-font-size\"><strong>positive Eigenschaften<\/strong><\/p>\n<\/div>\n\n\n\n<div class=\"wp-block-column is-layout-flow wp-container-core-column-is-layout-119bc444 wp-block-column-is-layout-flow\" style=\"flex-basis:60%\">\n<p class=\"has-heading-font-family has-medium-font-size\" style=\"line-height:1.2\">antibakteriell, antiseptisch, beruhigend, blutreinigend, entspannend, entz\u00fcndungshemmend, harntreibend, krampfl\u00f6send, schweisstreibend, hustenreizlindernd, fiebersenkend, schleiml\u00f6send, nervenberuhigend, nervenst\u00e4rkend, blutverd\u00fcnnend, verdauungsanregend, entw\u00e4ssernd, gef\u00e4sserweiternd, euphorisierend, herzst\u00e4rkend, krampfl\u00f6send<\/p>\n\n\n\n<div class=\"wp-block-columns is-layout-flex wp-container-core-columns-is-layout-87beb0d0 wp-block-columns-is-layout-flex\">\n<div class=\"wp-block-column is-layout-flow wp-block-column-is-layout-flow\">\n<p class=\"has-medium-font-size wp-container-content-9cfa9a5a\">Lindenbl\u00fcten aktivieren die k\u00f6rpereigenen Abwehrkr\u00e4fte, weshalb sie gut geeignet sind, diese vorbeugend bei Erk\u00e4ltungszeiten einzunehmen. Lindenbl\u00fcten werden haupts\u00e4chlich bei akuten und fiebrigen Erk\u00e4ltungskrankheiten, Grippe, grippalen Infekten, trochenem Schleimhusten, Krampfhusten, Hustenkrampf und Schnupfen angewendet. Sie beruhigen die Schleimh\u00e4ute der Atemwege. Ausserdem beruhigen und f\u00f6rdern sie den Schlaf. Lindenbl\u00fcten helfen auch bei Unruhe, Nervosit\u00e4t, Angstzust\u00e4nden, Schlaflosigkeit (besonders bei Kindern), Kopfschmerzen, Migr\u00e4ne, ADHS, Angst, nerv\u00f6ser Anspannung, Herzklopfen und hohem Blutdruck.<\/p>\n\n\n\n<p>In der traditionellen Medizin werden Lindenbl\u00fcten auch bei Sodbrennen, Magen-Darmbeschwerden, Magen-Darmkr\u00e4mpfen, Darmentz\u00fcndungen, Rheuma und wegen der enthaltenen Flavonoide auch zur Hemmung von Blutgerinnseln empfohlen. <\/p>\n<\/div>\n\n\n\n<div class=\"wp-block-column is-layout-flow wp-block-column-is-layout-flow\">\n<p class=\"has-medium-font-size\">Waldmeister wird haupts\u00e4chlich bei Verdauungsbeschwerden, Herzschw\u00e4che, Kopfschmerzen, Migr\u00e4ne, nerv\u00f6ser innerer Unruhe, Nervenschmerzen, zur St\u00e4rkung der Blutgef\u00e4sse, vor allem der Venen bei Venenschw\u00e4che, \u00d6demen und geschwollenen F\u00fcssen angewendet. Die enthaltenen Cumarine halten das Blut d\u00fcnnfl\u00fcssig und geschmeidig, wodurch das Herz entlastet wird, da es weniger stark pumpen muss, um das Blut durch die feinen Gef\u00e4sse zu pumpen. Hierdurch werden auch der Blutdruck und das Thromboserisiko gesenkt. Waldmeister darf aber nicht im \u00dcbermas konsumiert werden.<\/p>\n\n\n\n<p>In der traditionellen Medizin wird Waldmeister auch als Beruhigungsmittel bei Schlafst\u00f6rungen, bei Leberschw\u00e4che, Gelbsucht, Leberstauungen, Nierenschw\u00e4che und Steinleiden (Nierensteine, Blasensteine, Harnsteine) angewendet. Ausserdem regt Waldmeister das Nervensystem an, beruhigt und wirkt schlaff\u00f6rdernd.<\/p>\n\n\n\n<p>In der Frauenheilkunde wird Waldmeister bei Periodenkr\u00e4mpfen und Menstruationsbeschwerden empfohlen.<\/p>\n<\/div>\n<\/div>\n<\/div>\n<\/div>\n<\/div>\n","protected":false},"excerpt":{"rendered":"<p>Inhaltsstoffe 50 % Wasser 38.5 % Zucker 5 % Zitronens\u00e4ure 6 % Lindenbl\u00fcten 2 % Waldmeister 0.001 % Salz Preis 0.5 Liter CHF 15.00 1 Liter CHF 24.00 positive Eigenschaften antibakteriell, antiseptisch, beruhigend, blutreinigend, entspannend, entz\u00fcndungshemmend, harntreibend, krampfl\u00f6send, schweisstreibend, hustenreizlindernd, fiebersenkend, schleiml\u00f6send, nervenberuhigend, nervenst\u00e4rkend, blutverd\u00fcnnend, verdauungsanregend, entw\u00e4ssernd, gef\u00e4sserweiternd, euphorisierend, herzst\u00e4rkend, krampfl\u00f6send Lindenbl\u00fcten aktivieren die k\u00f6rpereigenen [&hellip;]<\/p>\n","protected":false},"author":1,"featured_media":0,"parent":0,"menu_order":0,"comment_status":"closed","ping_status":"closed","template":"","meta":{"footnotes":""},"class_list":["post-152","page","type-page","status-publish","hentry"],"_links":{"self":[{"href":"https:\/\/druidicus.ch\/index.php?rest_route=\/wp\/v2\/pages\/152","targetHints":{"allow":["GET"]}}],"collection":[{"href":"https:\/\/druidicus.ch\/index.php?rest_route=\/wp\/v2\/pages"}],"about":[{"href":"https:\/\/druidicus.ch\/index.php?rest_route=\/wp\/v2\/types\/page"}],"author":[{"embeddable":true,"href":"https:\/\/druidicus.ch\/index.php?rest_route=\/wp\/v2\/users\/1"}],"replies":[{"embeddable":true,"href":"https:\/\/druidicus.ch\/index.php?rest_route=%2Fwp%2Fv2%2Fcomments&post=152"}],"version-history":[{"count":1,"href":"https:\/\/druidicus.ch\/index.php?rest_route=\/wp\/v2\/pages\/152\/revisions"}],"predecessor-version":[{"id":155,"href":"https:\/\/druidicus.ch\/index.php?rest_route=\/wp\/v2\/pages\/152\/revisions\/155"}],"wp:attachment":[{"href":"https:\/\/druidicus.ch\/index.php?rest_route=%2Fwp%2Fv2%2Fmedia&parent=152"}],"curies":[{"name":"wp","href":"https:\/\/api.w.org\/{rel}","templated":true}]}}